 93?
61
What is the remainder when 4000 is divided by 154?
150
Calculate the remainder when 343 is divided by 112.
7
What is the remainder when 402 is divided by 9?
6
What is the remainder when 101 is divided by 38?
25
What is the remainder when 124 is divided by 25?
24
What is the remainder when 643 is divided by 16?
3
What is the remainder when 715 is divided by 36?
31
Calculate the remainder when 6082 is divided by 169.
167
What is the remainder when 1740 is divided by 1696?
44
What is the remainder when 9409 is divided by 107?
100
Calculate the remainder when 362 is divided by 337.
25
Calculate the remainder when 69 is divided by 14.
13
Calculate the remainder when 1701 is divided by 74.
73
What is the remainder when 197 is divided by 103?
94
Calculate the remainder when 87 is divided by 9.
6
What is the remainder when 8957 is divided by 160?
157
What is the remainder when 583 is divided by 73?
72
What is the remainder when 188 is divided by 65?
58
Calculate the remainder when 159 is divided by 51.
6
Calculate the remainder when 573 is divided by 58.
51
What is the remainder when 29851 is divided by 23?
20
Calculate the remainder when 3926 is divided by 782.
16
Calculate the remainder when 2733 is divided by 137.
130
What is the remainder when 1073 is divided by 6?
5
What is the remainder when 48 is divided by 12?
0
What is the remainder when 99 is divided by 14?
1
Calculate the remainder when 88 is divided by 78.
10
Calculate the remainder when 471 is divided by 230.
11
Calculate the remainder when 1318 is divided by 66.
64
What is the remainder when 54 is divided by 14?
12
What is the remainder when 655 is divided by 30?
25
What is the remainder when 466 is divided by 19?
10
What is the remainder when 41 is divided by 21?
20
What is the remainder when 908 is divided by 65?
63
What is the remainder when 3418 is divided by 23?
14
Calculate the remainder when 114 is divided by 29.
27
Calculate the remainder when 59 is divided by 5.
4
Calculate the remainder when 154 is divided by 82.
72
What is the remainder when 277 is divided by 128?
21
What is the remainder when 1591 is divided by 22?
7
What is the remainder when 784 is divided by 204?
172
What is the remainder when 6169 is divided by 33?
31
Calculate the remainder when 1492 is divided by 34.
30
Calculate the remainder when 6170 is divided by 40.
10
Calculate the remainder when 49 is divided by 17.
15
Calculate the remainder when 1670 is divided by 827.
16
What is the remainder when 316 is divided by 79?
0
Calculate the remainder when 61 is divided by 35.
26
Calculate the remainder when 752 is divided by 217.
101
What is the remainder when 1085 is divided by 78?
71
Calculate the remainder when 217 is divided by 9.
1
What is the remainder when 3773 is divided by 6?
5
What is the remainder when 173 is divided by 78?
17
What is the remainder when 125 is divided by 71?
54
Calculate the remainder when 10 is divided by 3.
1
What is the remainder when 441 is divided by 79?
46
What is the remainder when 97 is divided by 22?
9
What is the remainder when 217 is divided by 6?
1
What is the remainder when 292 is divided by 77?
61
Calculate the remainder when 83 is divided by 65.
18
Calculate the remainder when 125 is divided by 33.
26
What is the remainder when 988 is divided by 43?
42
Calculate the remainder when 7935 is divided by 128.
127
What is the remainder when 72 is divided by 41?
31
Calculate the remainder when 3238 is divided by 9.
7
What is the remainder when 105 is divided by 5?
0
What is the remainder when 218 is divided by 76?
66
Calculate the remainder when 220 is divided by 108.
4
Calculate the remainder when 814 is divided by 43.
40
Calculate the remainder when 488 is divided by 226.
36
Calculate the remainder when 43130 is divided by 263.
261
What is the remainder when 144 is divided by 74?
70
Calculate the remainder when 2028 is divided by 34.
22
Calculate the remainder when 558 is divided by 70.
68
Calculate the remainder when 174 is divided by 35.
34
What is the remainder when 600 is divided by 152?
144
What is the remainder when 200 is divided by 83?
34
Calculate the remainder when 296 is divided by 12.
8
What is the remainder when 88 is divided by 47?
41
Calculate the remainder when 11 is divided by 6.
5
What is the remainder when 119 is divided by 110?
9
Calculate the remainder when 176 is divided by 28.
8
What is the remainder when 387 is divided by 319?
68
Calculate the remainder when 251 is divided by 72.
35
What is the remainder when 114 is divided by 5?
4
What is the remainder when 759 is divided by 95?
94
Calculate the remainder when 1531 is divided by 78.
49
Calculate the remainder when 9281 is divided by 11.
8
Calculate the remainder when 239 is divided by 82.
75
What is the remainder when 60 is divided by 23?
14
Calculate the remainder when 360 is divided by 26.
22
What is the remainder when 183 is divided by 18?
3
What is the remainder when 518 is divided by 53?
41
What is the remainder when 977 is divided by 10?
7
Calculate the remainder when 1357 is divided by 68.
65
Calculate the remainder when 1449 is divided by 58.
57
What is the remainder when 23 is divided by 15?
8
What is the remainder when 184 is divided by 67?
50
What is the remainder when 1123 is divided by 531?
61
What is the remainder when 72 is divided by 14?
2
Calculate the remainder when 224 is divided by 114.
110
What is the remainder when 56159 is divided by 71?
69
What is the remainder when 382 is divided by 103?
73
What is the remainder when 679 is divided by 22?
19
Calculate the remainder when 571 is divided by 31.
13
What is the remainder when 864 is divided by 69?
36
What is the remainder when 427 is divided by 97?
39
Calculate the remainder when 21239 is divided by 36.
35
Calculate the remainder when 242 is divided by 7.
4
What is the remainder when 206 is divided by 26?
24
Calculate the remainder when 4368 is divided by 115.
113
What is the remainder when 134 is divided by 16?
6
Calculate the remainder when 542 is divided by 28.
10
What is the remainder when 994 is divided by 455?
84
Calculate the remainder when 7617 is divided by 19.
17
Calculate the remainder when 400 is divided by 3.
1
What is the remainder when 424 is divided by 121?
61
What is the remainder when 741 is divided by 28?
13
What is the remainder when 3207 is divided by 13?
9
What is the remainder when 1979 is divided by 18?
17
What is the remainder when 457 is divided by 159?
139
What is the remainder when 322 is divided by 41?
35
What is the remainder when 27 is divided by 6?
3
Calculate the remainder when 2780 is divided by 9.
8
What is the remainder when 335 is divided by 6?
5
Calculate the remainder when 45 is divided by 31.
14
Calculate the remainder when 117 is divided by 43.
31
Calculate the remainder when 436 is divided by 89.
80
Calculate the remainder when 889 is divided by 149.
144
What is the remainder when 1005 is divided by 84?
81
What is the remainder when 351 is divided by 59?
56
Calculate the remainder when 106 is divided by 73.
33
What is the remainder when 139 is divided by 77?
62
Calculate the remainder when 8676 is divided by 35.
31
What is the remainder when 106 is divided by 43?
20
Calculate the remainder when 95 is divided by 49.
46
Calculate the remainder when 99 is divided by 61.
38
What is the remainder when 3650 is divided by 54?
32
What is the remainder when 2189 is divided by 129?
125
Calculate the remainder when 14625 is divided by 206.
205
What is the remainder when 36 is divided by 22?
14
Calculate the remainder when 681 is divided by 179.
144
Calculate the remainder when 33 is divided by 3.
0
Calculate the remainder when 29488 is divided by 146.
142
Calculate the remainder when 59 is divided by 9.
5
What is the remainder when 226 is divided by 79?
68
What is the remainder when 97 is divided by 15?
7
Calculate the remainder when 811 is divided by 74.
71
Calculate the remainder when 10149 is divided by 145.
144
What is the remainder when 1838 is divided by 7?
4
What is the remainder when 471 is divided by 27?
12
What is the remainder when 3361 is divided by 58?
55
Calculate the remainder when 136 is divided by 131.
5
What is the remainder when 559 is divided by 51?
49
Calculate the remai